et b(g) = 3 - 3*g**2 + 4*g**2 + 5*g - 5 - 3. Let v be b(-6). Let n(s) = -v - 4*s + 4 - 2 + s**2 + 2. What is n(2)?
-1
Let u = 33 + -31. Let c(r) = -2*r + u*r + 0*r + r. Give c(6).
6
Let s(r) be the first derivative of r - 1/2*r**2 - 43. Determine s(6).
-5
Let n(p) = p**2 - 4*p + 6. Let v be 3/(-4) - ((-52)/(-16) + -8). What is n(v)?
6
Suppose k + k = 10. Let b(v) = -v + 13 - 13*v**2 - 26*v**2 + 44*v**2. Let q(m) = 3*m**2 - m + 7. Let t(o) = -4*b(o) + 7*q(o). Determine t(k).
7
Let k be (-3)/30*16*(-15)/3. Let a(f) = -2*f + 4. Calculate a(k).
-12
Let t(q) = -q - 2. Let x be ((-18)/4)/((-4)/(-8)). What is t(x)?
7
Let x = -598 - -600. Let f(n) = -n**3 + 4*n**2 - 1. Determine f(x).
7
Let v(c) = 10*c - 6. Let m(f) = f + 2. Let l(h) = -3*m(h) - v(h). What is l(-1)?
13
Let f(y) = y**2 + 6*y + 4. Let r be 19 + (-7)/((-21)/(-9)) - -3. Let g = r + -25. Give f(g).
4
Let v(w) = w**2 - 17*w - 39. Suppose 0 = -3*x + 2*j + 51, j - 12 = -3*j. Let l be v(x). Let p(o) = -4*o + 6*o + 1 + 4*o**3 + 0 + o**2 + 2*o**3. Give p(l).
-6
Suppose 15*a = 12*a - 2*t + 6, 2*a - t - 4 = 0. Let m(l) = l**2 - 3*l - 7. Let j be m(5). Let b(h) = -h + j - 6 + 1. Give b(a).
-4
Let n(b) = b**2 - 18*b + 14. Let q = -8 + 25. Let o be n(q). Let a(k) = k - 1. Give a(o).
-4
Let t(o) be the third derivative of o**5/30 - 11*o**4/24 - 5*o**3/6 - 181*o**2. Give t(6).
1
Let a(d) = -11*d. Let b(r) = -r - 13. Let z be b(-10). Let m be ((-1 - -2) + 1)*(z + 2). Calculate a(m).
22
Let b = -3 - -6. Suppose b*w = 2*i + i - 21, 4*i - w = 22. Let u(z) be the second derivative of z**4/12 - 5*z**3/6 - 7*z**2/2 - z + 31. Give u(i).
-7
Let m(h) = 41*h**2 - 7*h**2 + h - 29*h**2. What is m(1)?
6
Let y(g) = -6*g**2 - 16*g + 6. Let v be (-1)/(6/7 + -1). Let p(m) = -4*m**2 - 11*m + 4. Let b(n) = v*p(n) - 5*y(n). Suppose 76*i - 3 = 77*i. What is b(i)?
7
Suppose -b + 5*h + 21 = 0, 3*b - 2*b - h = 5. Let p(n) = -22*n**3 - n**2 + n. Determine p(b).
-22
Let f(b) = 5*b**3 - 32*b**2 - 32*b + 20. Let n(h) = -2*h**3 + 11*h**2 + 11*h - 7. Let z(j) = 3*f(j) + 8*n(j). What is z(-7)?
11
Let l(p) be the third derivative of p**6/120 + p**5/5 + 7*p**4/12 + 5*p**3/3 + p**2 + 76. Give l(-11).
-23
Let h = 145 - 140. Let r(m) = 3*m + 5. Give r(h).
20
Let l(g) = 3*g - 4*g + g + g + 25 - 14. Give l(-15).
-4
Let c be 4*1*(-6)/12 - 1. Let y(r) = -1 - r - 3 - 4 + 2. What is y(c)?
-3
Let r(w) = w**3 + 8*w**2 + 8*w + 22. Let k be r(-7). Suppose -k = 2*v + 3*h, -v - h = -0*h + 6. Let l(z) = -8*z - 1. Calculate l(v).
23
Let k(f) be the second derivative of f**7/840 + f**6/60 - f**5/20 + f**4/6 - 5*f**3/6 + 16*f. Let c(q) be the second derivative of k(q). Determine c(-7).
-3
Let f(y) = -4*y**2 - 5*y + 2. Let h(d) = 7*d**2 + 9*d - 3. Let q(o) = 5*f(o) + 3*h(o). Give q(-2).
1
Let s(h) be the second derivative of 7/2*h**2 - 1/12*h**4 + 0 + h**3 - 19*h. Give s(6).
7
Let v be 38/14 + 4/14. Let a(z) be the third derivative of z**6/240 + 9*z**4/8 + 16*z**2. Let s(r) be the second derivative of a(r). Determine s(v).
9
Let g(z) be the first derivative of -5*z**3/3 + 4*z**2 + 4*z - 5. Let n(y) = 7*y - 7*y + 10*y**2 - 9*y**2. Let f(w) = -g(w) - 6*n(w). Give f(-5).
11
Suppose 0 = -5*w + 4*d + 15, 2*w + 4*d + 24 = -2*w. Let i(p) = 10*p**2 - 1. What is i(w)?
9
Let a be 4/6*(3 + -6). Let f(i) = 3*i**2 + 6*i - 7*i**2 - 10*i - 2*i**2. Let q(s) = -s**2 - s. Let n(p) = a*f(p) + 10*q(p). What is n(-2)?
12
Let g be (598/39)/(4/6). Suppose y = 4*t + 34, -4*t + 44 = -5*y + 198. Suppose g*r = 18*r + y. Let x(i) = -i**2 + 6*i - 7. What is x(r)?
-7
Let r = -95 + 96. Let w(h) = -h**2. Let n(a) = a**3 + 2*a + 1. Let l(u) = r*n(u) - 3*w(u). What is l(-2)?
1
Let z(o) = -o**3 + 2*o**2 + 2*o - 1. Let w(n) = n - 7. Let i = 26 - 30. Let u be w(i). Let s = 13 + u. Give z(s).
3
Let b(r) be the first derivative of r**2/2 + 7*r + 25. Calculate b(5).
12
Suppose 3*k + 10 = -2*k. Let w be (-15)/6*(k - 0). Let a(j) = -5*j**3 - 2*j**2 - 3*j + 4*j**3 - w*j**3 - 2 + 4*j**3. Give a(-2).
12
Suppose -27*v + 23*v = 24. Let x(q) = -5*q - 7. Determine x(v).
23
Let w(s) = -s**3 - s + 1. Let y be (-3*1)/(18/(-30)). Let r be (y/(-10))/(2/(-4)). Determine w(r).
-1
Let z be 2/(-2) + (3 - 2). Suppose 2*h + y + 6 = 3*y, -2*y = -h - 8. Let m(a) = -7*a + 4*a - 1 + 0*a + h*a. Give m(z).
-1
Let v(i) be the first derivative of -i**4/4 + 2*i**3/3 + 7*i - 298. Determine v(3).
-2
Let o(z) = -z**2 + 8*z - 5. Suppose -28 = 2*k - 6*k + y, -5*y = k + 14. Let u be o(k). Let x(d) = -20*d + u*d - 3 + 3*d + 9*d. Give x(0).
-3
Let i be 11/2*(3 - -7). Let z(h) = -3*h + 24 - i + 27. Calculate z(3).
-13
Suppose 28 = -3*n - 5*f, -20*n + 2*f + 34 = -25*n. Let q(p) = -p**2 - 4*p - 2. Calculate q(n).
-14
Let d(a) be the third derivative of -a**4/24 + 2*a**3/3 + a**2. Let l(t) = -20*t + 303. Let x be l(15). Give d(x).
1
Let s = -9 + 10. Suppose 2*t - 6 = -0*t - 2*d, s = 3*t + d. Let i(r) = -12*r - 1. What is i(t)?
11
Let z = -354 + 359. Let a(m) be the third derivative of 1/2*m**3 + 1/120*m**6 + z*m**2 + 1/6*m**4 + 0*m + 1/10*m**5 + 0. Determine a(-2).
11
Let f(j) = -16*j - 126. Let h(y) = 3*y + 25. Let d(l) = 2*f(l) + 11*h(l). Give d(-14).
9
Let m(s) = s**2 - 6*s - 14. Suppose 5*o - 19*o - 84 = 0. Let d(c) = -c**2 + 6*c + 12. Let r(p) = o*d(p) - 5*m(p). Let h be 2 - -1*(5 + 0). Determine r(h).
5
Let a(k) = 9*k**2 + 0 + k**3 - 6 + 1 + 6*k - 2*k**2. Suppose 2*x + 3*l = 8*l - 2, -4*x - 4*l = 32. What is a(x)?
-5
Let y be (4 - 0)/((-1)/(-1)). Let i(n) be the second derivative of -n**5/20 + n**4/4 + n**3/3 + 3*n**2/2 + 976*n - 1. What is i(y)?
-5
Let d(z) = z**3 + 6*z**2 - 30*z - 7. Let k be d(-9). Suppose 2*i - 3*t + 31 = 4, -5*i = 2*t + k. Let q(h) = 6*h**2 + 2*h**3 + 3 - 1 - h**3. Give q(i).
2
Let j(v) = 5*v**2 - 2*v - 1. Let h be j(1). Let q(t) = 0 - 13*t**2 - 15*t**2 + t**3 + 25*t**h + 1. Calculate q(3).
1
Let m be (-44)/110 + (-4)/(-10). Let h be 1*m/(-3 - -4). Let n(i) = i**3 + i**2 + 1. Calculate n(h).
1
Suppose 28 = 5*a - a. Let k = a - 5. Let u(l) = -2*l**3 + 2*l**2 + 3 - 3*l**3 - 2*l + 4*l**3. Determine u(k).
-1
Let l(i) = i**3 + 5*i**2 - 4*i + 3. Let s(b) = -2*b**2 + 4*b + 4. Let m be s(4). Let u(t) = t**3 + 11*t**2 - 13*t - 18. Let n be u(m). Determine l(n).
-9
Let s(n) = 2*n + 21. Let c(u) = 2*u - 29. Let a be c(9). Let m(x) = -x - 11. Let t(i) = a*m(i) - 6*s(i). Give t(-6).
1
Let c(x) = -8*x**3 + x. Let a(v) = -71 - 45*v - v**2 + 2*v**2 - 30*v + 54*v. Let h be a(24). Determine c(h).
-7
Let s(a) be the first derivative of 3*a**5/20 - a**4/24 - a**3/6 + 14*a**2 - 17. Let l(p) be the second derivative of s(p). What is l(-1)?
9
Let m be ((-4)/5)/((-6)/(-165)). Let l = 32 + m. Suppose -4*n - 4 = 3*g + g, 4*n + g = -l. Let c(y) = -y**2 - 5*y - 4. What is c(n)?
2
Let d(w) = -w + 4. Let t be d(3). Let n = -5 - -8. Let c(l) = -10*l**n + 5 + 4*l - 3*l - 5. What is c(t)?
-9
Let j(u) = -2*u - 9. Let l(r) = 3*r - 4*r - 10 - 2*r. Let w(p) = -5*j(p) + 4*l(p). Let i be (-7)/2*(0 - (-12)/(-7)). Calculate w(i).
-7
Let q(t) be the second derivative of t**4/12 + t**3/3 - t**2/2 + 8*t + 3. Calculate q(-4).
7
Let a(c) = 3*c**3 + 4*c + 5. Let h(o) = o**3 - o - 1. Let u(k) = -a(k) - 5*h(k). Suppose 0 = -3*n - n - 4. Determine u(n).
7
Let t(w) = w**3 - 7*w**2 + 4*w + 3. Let y be t(4). Let h = -22 - y. Let a(d) = d**3 - 8*d**2 + 6*d - 3. Determine a(h).
-10
Let l(f) = -f + 12. Let o be l(10). Suppose -5*j = z + o*z - 22, -3*z = -2*j - 8. Suppose -z*i + 9*i + 15 = 0. Let n(h) = -h**2 - 5*h - 4. Give n(i).
2
Let b(x) = 5*x**2 + 5*x - 2. Let i(d) = d**2 + d. Let t = -32 + 28. Let c(z) = t*i(z) + b(z). Give c(-3).
4
Let a(y) = -y**2. Let l(m) = 5*m**3 + 4*m**2 + 7*m - 2. Let g(k) = 4*a(k) + l(k). Let j(i) = -3*i**3 - 3*i + 1. Let f(u) = -2*g(u) - 5*j(u). Give f(1).
5
Let d(o) = o + 8. Let q be -26 - (-5 - 15)/(-4). Let t = q - -25. What is d(t)?
2
Let g = 2 - 3. Let k(o) be the second derivative of 1/12*o**4 + 2 + 11*o - 1/2*o**2 + 0*o**3 - 17/20*o**5. Give k(g).
17
Let l = -75 - -108. Let t = 38 - l. Let x(u) = -2*u**2 + 7*u + 2. What is x(t)?
-13
Let c be (-8 + 8)*1/2. Suppose -u - 2*y - y + 8 = c, -5*y = -5*u. Let b(w) be the third derivative of w**5/60 - 5*w**4/24 + w**3/3 - w**2. Calculate b(u).
-4
Let n(m) be the second derivative of m**5/20 + m**4/4 - m**3/2 + m**2 - 300*m. Give n(2).
16
Let d(u) = -u + 3. Let n(q) = q - 45. Let